{"id":1082,"date":"2018-06-19T14:11:07","date_gmt":"2018-06-19T14:11:07","guid":{"rendered":"http:\/\/wellexpo.select-themes.com\/?page_id=1082"},"modified":"2025-06-20T18:42:23","modified_gmt":"2025-06-20T16:42:23","slug":"entradas","status":"publish","type":"page","link":"https:\/\/www.ondasummercontest.com\/index.php\/entradas\/","title":{"rendered":"Entradas"},"content":{"rendered":"<div class=\"wpb-content-wrapper\"><div class=\"vc_row wpb_row vc_row-fluid\" ><div class=\"wpb_column vc_column_container vc_col-sm-12\"><div class=\"vc_column-inner\"><div class=\"wpb_wrapper\">\n\t<div  class=\"wpb_single_image wpb_content_element vc_align_center wpb_content_element\">\n\t\t\n\t\t<figure class=\"wpb_wrapper vc_figure\">\n\t\t\t<div class=\"vc_single_image-wrapper   vc_box_border_grey\"><img loading=\"lazy\" decoding=\"async\" width=\"1600\" height=\"450\" src=\"https:\/\/www.ondasummercontest.com\/wp-content\/uploads\/2025\/06\/bannew-web-v2.jpeg\" class=\"vc_single_image-img attachment-full\" alt=\"\" title=\"bannew web v2\" srcset=\"https:\/\/www.ondasummercontest.com\/wp-content\/uploads\/2025\/06\/bannew-web-v2.jpeg 1600w, https:\/\/www.ondasummercontest.com\/wp-content\/uploads\/2025\/06\/bannew-web-v2-300x84.jpeg 300w, https:\/\/www.ondasummercontest.com\/wp-content\/uploads\/2025\/06\/bannew-web-v2-1024x288.jpeg 1024w, https:\/\/www.ondasummercontest.com\/wp-content\/uploads\/2025\/06\/bannew-web-v2-768x216.jpeg 768w, https:\/\/www.ondasummercontest.com\/wp-content\/uploads\/2025\/06\/bannew-web-v2-1536x432.jpeg 1536w, https:\/\/www.ondasummercontest.com\/wp-content\/uploads\/2025\/06\/bannew-web-v2-18x5.jpeg 18w\" sizes=\"auto, (max-width: 1600px) 100vw, 1600px\" \/><\/div>\n\t\t<\/figure>\n\t<\/div>\n<\/div><\/div><\/div><\/div><div class=\"qodef-row-grid-section-wrapper \"  style=\"background-color:#f8f6f6\"><div class=\"qodef-row-grid-section\"><div class=\"vc_row wpb_row vc_row-fluid vc_custom_1750079948132\" ><div class=\"wpb_column vc_column_container vc_col-sm-12 vc_col-md-4\"><div class=\"vc_column-inner\"><div class=\"wpb_wrapper\"><div class=\"qodef-elements-holder   qodef-one-column  qodef-responsive-mode-768 \" ><div class=\"qodef-eh-item     \" data-item-class=\"qodef-eh-custom-9350\" data-1367-1600=\"0px 3% 0px\" data-1025-1366=\"0px 3% 0px\" data-769-1024=\"0px 10% 0px\" data-681-768=\"0px 24% 50px\" data-680=\"0px 4% 50px\">\n\t\t<div class=\"qodef-eh-item-inner\">\n\t\t<div class=\"qodef-eh-item-content qodef-eh-custom-9350\" style=\"padding: 0px 12% 0px\">\n\t\t\t<div class=\"qodef-iwt clearfix  qodef-iwt-icon-top qodef-iwt-icon-medium\">\n\t<div class=\"qodef-iwt-icon\" >\n\t\t\t\t\t\t\t<a itemprop=\"url\" href=\"#\" target=\"_self\">\n\t\t\t\t\t\t\t\t\t    <span class=\"qodef-icon-animation-holder\" >\n    <span class=\"qodef-icon-shortcode qodef-normal  qodef-icon-animation qodef-icon-medium\"  >\n                    <i class=\"qodef-icon-dripicons dripicon dripicons-ticket qodef-icon-element\" style=\"\" ><\/i>            <\/span>\n    <\/span>\n\t\t\t\t\t\t\t\t<\/a>\n\t\t\t<\/div>\n\t<div class=\"qodef-iwt-content\" >\n\t\t\t\t\t<h4 class=\"qodef-iwt-title\" >\n\t\t\t\t\t\t\t\t\t<a itemprop=\"url\" href=\"#\" target=\"_self\">\n\t\t\t\t\t\t\t\t<span class=\"qodef-iwt-title-text\">Elige Competici\u00f3n<\/span>\n\t\t\t\t\t\t\t\t\t<\/a>\n\t\t\t\t\t\t\t<\/h4>\n\t\t\t\t\t\t\t<p class=\"qodef-iwt-text\" style=\"margin-top: 13px\">Elige la opci\u00f3n de competir entre una o varias competiciones del evento y dale ca\u00f1a!<\/p>\n\t\t\t<\/div>\n<\/div>\t\t<\/div>\n\t<\/div>\n\t<\/div><\/div><\/div><\/div><\/div><div class=\"wpb_column vc_column_container vc_col-sm-12 vc_col-md-4\"><div class=\"vc_column-inner\"><div class=\"wpb_wrapper\"><div class=\"qodef-elements-holder   qodef-one-column  qodef-responsive-mode-768 \" ><div class=\"qodef-eh-item     \" data-item-class=\"qodef-eh-custom-5311\" data-1367-1600=\"0px 3% 0px\" data-1025-1366=\"0px 3% 0px\" data-769-1024=\"0px 10% 0px\" data-681-768=\"0px 24% 50px\" data-680=\"0px 4% 50px\">\n\t\t<div class=\"qodef-eh-item-inner\">\n\t\t<div class=\"qodef-eh-item-content qodef-eh-custom-5311\" style=\"padding: 0px 12% 0px\">\n\t\t\t<div class=\"qodef-iwt clearfix  qodef-iwt-icon-top qodef-iwt-icon-medium\">\n\t<div class=\"qodef-iwt-icon\" >\n\t\t\t\t\t\t\t<a itemprop=\"url\" href=\"#\" target=\"_self\">\n\t\t\t\t\t\t\t\t\t    <span class=\"qodef-icon-animation-holder\" >\n    <span class=\"qodef-icon-shortcode qodef-normal  qodef-icon-animation qodef-icon-medium\"  >\n                    <i class=\"qodef-icon-dripicons dripicon dripicons-ticket qodef-icon-element\" style=\"\" ><\/i>            <\/span>\n    <\/span>\n\t\t\t\t\t\t\t\t<\/a>\n\t\t\t<\/div>\n\t<div class=\"qodef-iwt-content\" >\n\t\t\t\t\t<h4 class=\"qodef-iwt-title\" >\n\t\t\t\t\t\t\t\t\t<a itemprop=\"url\" href=\"#\" target=\"_self\">\n\t\t\t\t\t\t\t\t<span class=\"qodef-iwt-title-text\">Compra Anticipada<\/span>\n\t\t\t\t\t\t\t\t\t<\/a>\n\t\t\t\t\t\t\t<\/h4>\n\t\t\t\t\t\t\t<p class=\"qodef-iwt-text\" style=\"margin-top: 13px\">Compra una entrada para toda la competici\u00f3n anticipadamente y obt\u00e9n un descuento y una camiseta gratis!<\/p>\n\t\t\t<\/div>\n<\/div>\t\t<\/div>\n\t<\/div>\n\t<\/div><\/div><\/div><\/div><\/div><div class=\"wpb_column vc_column_container vc_col-sm-12 vc_col-md-4\"><div class=\"vc_column-inner\"><div class=\"wpb_wrapper\"><div class=\"qodef-elements-holder   qodef-one-column  qodef-responsive-mode-768 \" ><div class=\"qodef-eh-item     \" data-item-class=\"qodef-eh-custom-6646\" data-1367-1600=\"0px 3% 0px\" data-1025-1366=\"0px 3% 0px\" data-769-1024=\"0px 10% 0px\" data-681-768=\"0px 24% 0px\" data-680=\"0px 4% 0px\">\n\t\t<div class=\"qodef-eh-item-inner\">\n\t\t<div class=\"qodef-eh-item-content qodef-eh-custom-6646\" style=\"padding: 0px 12% 0px\">\n\t\t\t<div class=\"qodef-iwt clearfix  qodef-iwt-icon-top qodef-iwt-icon-medium\">\n\t<div class=\"qodef-iwt-icon\" >\n\t\t\t\t\t<span class=\"qodef-iwt-bg-svg\">\n\t\t\t\t<svg xmlns=\"http:\/\/www.w3.org\/2000\/svg\" xmlns:xlink=\"http:\/\/www.w3.org\/1999\/xlink\" x=\"0px\" y=\"0px\" width=\"140px\" height=\"140px\" viewBox=\"0 0 140 140\" enable-background=\"new 0 0 140 140\" xml:space=\"preserve\">\n\t\t\t\t\t<g>\n\t\t\t\t\t\t<circle fill=\"#BDBDBD\" cx=\"2.1\" cy=\"2.5\" r=\"1.5\"\/>\n\t\t\t\t\t\t<circle fill=\"#BDBDBD\" cx=\"47.3\" cy=\"2.5\" r=\"1.5\"\/>\n\t\t\t\t\t\t<circle fill=\"#BDBDBD\" cx=\"92.5\" cy=\"2.5\" r=\"1.5\"\/>\n\t\t\t\t\t\t<circle fill=\"#BDBDBD\" cx=\"137.8\" cy=\"2.5\" r=\"1.5\"\/>\n\t\t\t\t\t\t<circle fill=\"#BDBDBD\" cx=\"2.1\" cy=\"47.3\" r=\"1.5\"\/>\n\t\t\t\t\t\t<circle fill=\"#BDBDBD\" cx=\"47.3\" cy=\"47.3\" r=\"1.5\"\/>\n\t\t\t\t\t\t<circle fill=\"#BDBDBD\" cx=\"92.5\" cy=\"47.3\" r=\"1.5\"\/>\n\t\t\t\t\t\t<circle fill=\"#BDBDBD\" cx=\"137.8\" cy=\"47.3\" r=\"1.5\"\/>\n\t\t\t\t\t\t<circle fill=\"#BDBDBD\" cx=\"2.1\" cy=\"93.2\" r=\"1.5\"\/>\n\t\t\t\t\t\t<circle fill=\"#BDBDBD\" cx=\"47.3\" cy=\"93.2\" r=\"1.5\"\/>\n\t\t\t\t\t\t<circle fill=\"#BDBDBD\" cx=\"92.5\" cy=\"93.2\" r=\"1.5\"\/>\n\t\t\t\t\t\t<circle fill=\"#BDBDBD\" cx=\"137.8\" cy=\"93.2\" r=\"1.5\"\/>\n\t\t\t\t\t\t<circle fill=\"#BDBDBD\" cx=\"2.1\" cy=\"137.5\" r=\"1.5\"\/>\n\t\t\t\t\t\t<circle fill=\"#BDBDBD\" cx=\"47.3\" cy=\"137.5\" r=\"1.5\"\/>\n\t\t\t\t\t\t<circle fill=\"#BDBDBD\" cx=\"92.5\" cy=\"137.5\" r=\"1.5\"\/>\n\t\t\t\t\t\t<circle fill=\"#BDBDBD\" cx=\"137.8\" cy=\"137.5\" r=\"1.5\"\/>\n\t\t\t\t\t<\/g>\n\t\t\t\t<\/svg>\t\t\t<\/span>\n\t\t\t\t\t\t\t<a itemprop=\"url\" href=\"#\" target=\"_self\">\n\t\t\t\t\t\t\t\t\t    <span class=\"qodef-icon-animation-holder\" >\n    <span class=\"qodef-icon-shortcode qodef-normal  qodef-icon-animation qodef-icon-medium\"  >\n                    <i class=\"qodef-icon-dripicons dripicon dripicons-ticket qodef-icon-element\" style=\"\" ><\/i>            <\/span>\n    <\/span>\n\t\t\t\t\t\t\t\t<\/a>\n\t\t\t<\/div>\n\t<div class=\"qodef-iwt-content\" >\n\t\t\t\t\t<h4 class=\"qodef-iwt-title\" >\n\t\t\t\t\t\t\t\t\t<a itemprop=\"url\" href=\"#\" target=\"_self\">\n\t\t\t\t\t\t\t\t<span class=\"qodef-iwt-title-text\">Paga cuando llegues<\/span>\n\t\t\t\t\t\t\t\t\t<\/a>\n\t\t\t\t\t\t\t<\/h4>\n\t\t\t\t\t\t\t<p class=\"qodef-iwt-text\" style=\"margin-top: 13px\">Si no lo tienes claro siempre puedes comprar una entrada para el evento el d\u00eda que llegues.<\/p>\n\t\t\t<\/div>\n<\/div>\t\t<\/div>\n\t<\/div>\n\t<\/div><\/div><\/div><\/div><\/div><\/div><\/div><\/div><div class=\"vc_row wpb_row vc_row-fluid vc_custom_1530519886424\" ><div class=\"wpb_column vc_column_container vc_col-sm-12\"><div class=\"vc_column-inner\"><div class=\"wpb_wrapper\"><div class=\"qodef-elements-holder   qodef-one-column  qodef-responsive-mode-768 \" ><div class=\"qodef-eh-item     \" data-item-class=\"qodef-eh-custom-6318\" data-1367-1600=\"50px\" data-1025-1366=\"50px\" data-769-1024=\"50px\" data-681-768=\"50px\" data-680=\"50px\">\n\t\t<div class=\"qodef-eh-item-inner\">\n\t\t<div class=\"qodef-eh-item-content qodef-eh-custom-6318\" style=\"padding: 50px\">\n\t\t\t<div class=\"qodef-section-title-holder   qodef-st-title-left qodef-st-normal-space qodef-st-with-animation\" >\n\t<div class=\"qodef-st-inner\">\n\t\t\t\t\t<span class=\"qodef-st-tagline\" >\n\t\t\t\tosc_tickets\t\t\t<\/span>\n\t\t\t\t\t\t\t<div class=\"qodef-st-title-wrapper\">\n\t\t\t\t<h2 class=\"qodef-st-title\" >\n\t\t\t\t\tEst\u00e1s listo? Compra tu entrada!\t\t\t\t<\/h2>\n\t\t\t<\/div>\n\t\t\t\t\t<\/div>\n<\/div><div class=\"vc_empty_space\"   style=\"height: 15px\"><span class=\"vc_empty_space_inner\"><\/span><\/div>\t\t<\/div>\n\t<\/div>\n\t<\/div><\/div><div class=\"qodef-elements-holder   qodef-one-column  qodef-responsive-mode-768 qodef-one-column-alignment-center\" ><div class=\"qodef-eh-item     \" data-item-class=\"qodef-eh-custom-7627\">\n\t\t<div class=\"qodef-eh-item-inner\">\n\t\t<div class=\"qodef-eh-item-content qodef-eh-custom-7627\" style=\"padding: 30px\">\n\t\t\t<div class=\"qodef-pricing-tables qodef-grid-list qodef-disable-bottom-space clearfix qodef-three-columns qodef-normal-space \"><div class=\"qodef-pt-wrapper qodef-outer-space\"><div class=\"qodef-price-table qodef-item-space  \">\n\t<div class=\"qodef-pt-inner\" style=\"padding: 0px 0px 0px 0px\">\n\t\t\t\t\t<div class=\"qodef-pt-image-holder\">\n\t\t\t\t\t\t\t\t\t<img loading=\"lazy\" decoding=\"async\" width=\"2560\" height=\"1920\" src=\"https:\/\/www.ondasummercontest.com\/wp-content\/uploads\/2025\/06\/pulsera-OSC-mockup-scaled.jpeg\" class=\"attachment-full size-full\" alt=\"\" srcset=\"https:\/\/www.ondasummercontest.com\/wp-content\/uploads\/2025\/06\/pulsera-OSC-mockup-scaled.jpeg 2560w, https:\/\/www.ondasummercontest.com\/wp-content\/uploads\/2025\/06\/pulsera-OSC-mockup-300x225.jpeg 300w, https:\/\/www.ondasummercontest.com\/wp-content\/uploads\/2025\/06\/pulsera-OSC-mockup-1024x768.jpeg 1024w, https:\/\/www.ondasummercontest.com\/wp-content\/uploads\/2025\/06\/pulsera-OSC-mockup-768x576.jpeg 768w, https:\/\/www.ondasummercontest.com\/wp-content\/uploads\/2025\/06\/pulsera-OSC-mockup-1536x1152.jpeg 1536w, https:\/\/www.ondasummercontest.com\/wp-content\/uploads\/2025\/06\/pulsera-OSC-mockup-16x12.jpeg 16w\" sizes=\"auto, (max-width: 2560px) 100vw, 2560px\" \/>\t            \t\t\t<\/div>\n\t\t\t\t<div class=\"qodef-pt-main-holder\">\n\t\t\t<div class=\"qodef-pt-prices\">\n\t\t\t\t<span class=\"qodef-pt-price\" >15<\/span>\n\t\t\t\t<span class=\"qodef-pt-value\" >\u20ac<\/span>\n\t\t\t<\/div>\n\t\t\t<div class=\"qodef-pt-text-holder\">\n\t\t\t\t<div class=\"qodef-pt-title-holder\">\n\t\t\t\t\t<div class=\"qodef-pt-title\" >1 Competici\u00f3n<\/div>\n\t\t\t\t\t<div class=\"qodef-pt-mark\" >&lt;fin de semana\/&gt;<\/div>\n\t\t\t\t<\/div>\n\t\t\t\t<div class=\"qodef-pt-content\">\n\t\t\t\t\t\n<ul>\n<li>Participa en 1 Competici\u00f3n<\/li>\n<li>Pulsera del Evento<\/li>\n<li>Precio Reducido<\/li>\n<\/ul>\n\t\t\t\t<\/div>\n\t\t\t\t\t\t\t\t\t<div class=\"qodef-pt-button\">\n\t\t\t\t\t\t<a itemprop=\"url\" href=\"https:\/\/docs.google.com\/forms\/d\/e\/1FAIpQLSfJK6IDPjL8kDPfrwiw_DEdgxIjBcNw-Z9qXacL64u5yWa6Aw\/viewform\" target=\"_self\"  class=\"qodef-btn qodef-btn-medium qodef-btn-simple\"  >    <span class=\"qodef-btn-text\">        <span class=\"qodef-btn-text-inner\">COMPRAR<\/span>            <\/span>    <\/a>\t\t\t\t\t<\/div>\n\t\t\t\t\t\t\t<\/div>\n\t\t<\/div>\n\t<\/div>\n<\/div><div class=\"qodef-price-table qodef-item-space  \">\n\t<div class=\"qodef-pt-inner\" >\n\t\t\t\t\t<div class=\"qodef-pt-image-holder\">\n\t\t\t\t\t\t\t\t\t<img loading=\"lazy\" decoding=\"async\" width=\"2560\" height=\"1920\" src=\"https:\/\/www.ondasummercontest.com\/wp-content\/uploads\/2025\/06\/pulsera-OSC-mockup-scaled.jpeg\" class=\"attachment-full size-full\" alt=\"\" srcset=\"https:\/\/www.ondasummercontest.com\/wp-content\/uploads\/2025\/06\/pulsera-OSC-mockup-scaled.jpeg 2560w, https:\/\/www.ondasummercontest.com\/wp-content\/uploads\/2025\/06\/pulsera-OSC-mockup-300x225.jpeg 300w, https:\/\/www.ondasummercontest.com\/wp-content\/uploads\/2025\/06\/pulsera-OSC-mockup-1024x768.jpeg 1024w, https:\/\/www.ondasummercontest.com\/wp-content\/uploads\/2025\/06\/pulsera-OSC-mockup-768x576.jpeg 768w, https:\/\/www.ondasummercontest.com\/wp-content\/uploads\/2025\/06\/pulsera-OSC-mockup-1536x1152.jpeg 1536w, https:\/\/www.ondasummercontest.com\/wp-content\/uploads\/2025\/06\/pulsera-OSC-mockup-16x12.jpeg 16w\" sizes=\"auto, (max-width: 2560px) 100vw, 2560px\" \/>\t            \t\t\t<\/div>\n\t\t\t\t<div class=\"qodef-pt-main-holder\">\n\t\t\t<div class=\"qodef-pt-prices\">\n\t\t\t\t<span class=\"qodef-pt-price\" >20<\/span>\n\t\t\t\t<span class=\"qodef-pt-value\" >\u20ac<\/span>\n\t\t\t<\/div>\n\t\t\t<div class=\"qodef-pt-text-holder\">\n\t\t\t\t<div class=\"qodef-pt-title-holder\">\n\t\t\t\t\t<div class=\"qodef-pt-title\" >Evento Completo<\/div>\n\t\t\t\t\t<div class=\"qodef-pt-mark\" >&lt;fin de semana\/&gt;<\/div>\n\t\t\t\t<\/div>\n\t\t\t\t<div class=\"qodef-pt-content\">\n\t\t\t\t\t\n<ul>\n<li>Participa en todas las Competiciones<\/li>\n<li>Pulsera del Evento<\/li>\n<li>Camiseta Gratis (80 primeras)<\/li>\n<\/ul>\n\t\t\t\t<\/div>\n\t\t\t\t\t\t\t\t\t<div class=\"qodef-pt-button\">\n\t\t\t\t\t\t<a itemprop=\"url\" href=\"https:\/\/docs.google.com\/forms\/d\/e\/1FAIpQLSfJK6IDPjL8kDPfrwiw_DEdgxIjBcNw-Z9qXacL64u5yWa6Aw\/viewform\" target=\"_self\"  class=\"qodef-btn qodef-btn-medium qodef-btn-simple\"  >    <span class=\"qodef-btn-text\">        <span class=\"qodef-btn-text-inner\">COMPRAR<\/span>            <\/span>    <\/a>\t\t\t\t\t<\/div>\n\t\t\t\t\t\t\t<\/div>\n\t\t<\/div>\n\t<\/div>\n<\/div><div class=\"qodef-price-table qodef-item-space  \">\n\t<div class=\"qodef-pt-inner\" >\n\t\t\t\t\t<div class=\"qodef-pt-image-holder\">\n\t\t\t\t\t\t\t\t\t<img loading=\"lazy\" decoding=\"async\" width=\"2560\" height=\"1920\" src=\"https:\/\/www.ondasummercontest.com\/wp-content\/uploads\/2025\/06\/pulsera-OSC-mockup-scaled.jpeg\" class=\"attachment-full size-full\" alt=\"\" srcset=\"https:\/\/www.ondasummercontest.com\/wp-content\/uploads\/2025\/06\/pulsera-OSC-mockup-scaled.jpeg 2560w, https:\/\/www.ondasummercontest.com\/wp-content\/uploads\/2025\/06\/pulsera-OSC-mockup-300x225.jpeg 300w, https:\/\/www.ondasummercontest.com\/wp-content\/uploads\/2025\/06\/pulsera-OSC-mockup-1024x768.jpeg 1024w, https:\/\/www.ondasummercontest.com\/wp-content\/uploads\/2025\/06\/pulsera-OSC-mockup-768x576.jpeg 768w, https:\/\/www.ondasummercontest.com\/wp-content\/uploads\/2025\/06\/pulsera-OSC-mockup-1536x1152.jpeg 1536w, https:\/\/www.ondasummercontest.com\/wp-content\/uploads\/2025\/06\/pulsera-OSC-mockup-16x12.jpeg 16w\" sizes=\"auto, (max-width: 2560px) 100vw, 2560px\" \/>\t            \t\t\t<\/div>\n\t\t\t\t<div class=\"qodef-pt-main-holder\">\n\t\t\t<div class=\"qodef-pt-prices\">\n\t\t\t\t<span class=\"qodef-pt-price\" >25<\/span>\n\t\t\t\t<span class=\"qodef-pt-value\" >\u20ac<\/span>\n\t\t\t<\/div>\n\t\t\t<div class=\"qodef-pt-text-holder\">\n\t\t\t\t<div class=\"qodef-pt-title-holder\">\n\t\t\t\t\t<div class=\"qodef-pt-title\" >Paga al Llegar<\/div>\n\t\t\t\t\t<div class=\"qodef-pt-mark\" >&lt;fin de semana\/&gt;<\/div>\n\t\t\t\t<\/div>\n\t\t\t\t<div class=\"qodef-pt-content\">\n\t\t\t\t\t\n<ul>\n<li>Participa en todas las Competiciones<\/li>\n<li>Pulsera del Evento<\/li>\n<li>Paga cuando llegues<\/li>\n<\/ul>\n\t\t\t\t<\/div>\n\t\t\t\t\t\t\t<\/div>\n\t\t<\/div>\n\t<\/div>\n<\/div><\/div><\/div>\t\t<\/div>\n\t<\/div>\n\t<\/div><\/div><\/div><\/div><\/div><\/div><div class=\"vc_row wpb_row vc_row-fluid\" ><div class=\"wpb_column vc_column_container vc_col-sm-12\"><div class=\"vc_column-inner\"><div class=\"wpb_wrapper\"><div class=\"qodef-elements-holder   qodef-two-columns  qodef-responsive-mode-768 \" ><div class=\"qodef-eh-item     \" data-item-class=\"qodef-eh-custom-7933\">\n\t\t<div class=\"qodef-eh-item-inner\">\n\t\t<div class=\"qodef-eh-item-content qodef-eh-custom-7933\" >\n\t\t\t\t\t<\/div>\n\t<\/div>\n\t\t\t<div class=\"qodef-eh-item-background\" style=\"background-image: url(https:\/\/www.ondasummercontest.com\/wp-content\/uploads\/2025\/06\/Camisetas.jpeg)\"><\/div>\t\n\t<\/div><div class=\"qodef-eh-item     \" data-item-class=\"qodef-eh-custom-6351\" data-1367-1600=\"147px 36% 153px 18%\" data-1025-1366=\"147px 36% 153px 18%\" data-769-1024=\"147px 19% 153px 18%\" data-680=\"147px 12% 153px 18%\">\n\t\t<div class=\"qodef-eh-item-inner\">\n\t\t<div class=\"qodef-eh-item-content qodef-eh-custom-6351\" style=\"padding: 147px 49% 153px 18%\">\n\t\t\t<div class=\"qodef-section-title-holder  qodef-light-skin qodef-st-title-left qodef-st-normal-space qodef-st-with-animation\" >\n\t<div class=\"qodef-st-inner\">\n\t\t\t\t\t<span class=\"qodef-st-tagline\" >\n\t\t\t\tentradas_osc\t\t\t<\/span>\n\t\t\t\t\t\t\t<div class=\"qodef-st-title-wrapper\">\n\t\t\t\t<h2 class=\"qodef-st-title\" >\n\t\t\t\t\tCamiseta Gratis!\t\t\t\t<\/h2>\n\t\t\t<\/div>\n\t\t\t\t\t\t\t<div class=\"qodef-st-text-wrapper\">\n\t\t\t\t<p class=\"qodef-st-text\" style=\"line-height: 27px;margin-top: 22px\">\n\t\t\t\t\tSe una de las primeras 80 personas en comprar una entrada para la Onda Summer Contest y ll\u00e9vate la camiseta oficial del evento totalmente gratis. Para ello debes comprar tu entrada antes del 15 de Julio!\t\t\t\t<\/p>\n\t\t\t<\/div>\n\t\t\t<\/div>\n<\/div><div class=\"vc_empty_space\"   style=\"height: 41px\"><span class=\"vc_empty_space_inner\"><\/span><\/div><a itemprop=\"url\" href=\"https:\/\/docs.google.com\/forms\/d\/e\/1FAIpQLSfJK6IDPjL8kDPfrwiw_DEdgxIjBcNw-Z9qXacL64u5yWa6Aw\/viewform\" target=\"_blank\"  class=\"qodef-btn qodef-btn-large qodef-btn-solid qodef-with-svg-arrow\"  >\n    <span class=\"qodef-btn-text\">\n        <span class=\"qodef-btn-text-inner\">COMPRA TU ENTRADA<\/span>\n                    <svg class=\"qodef-svg-icon\" x=\"0px\" y=\"0px\" viewBox=\"0 0 5 8.7\" enable-background=\"new 0 0 5 8.7\" xml:space=\"preserve\" >\n                <path d=\"M0.3,7.6l3.2-3.3L0.3,1.1C0,0.8,0,0.6,0.3,0.3c0.3-0.3,0.5-0.3,0.8,0L4.7,4c0.1,0.1,0.2,0.2,0.2,0.4c0,0.2-0.1,0.3-0.2,0.4 \n                        L1.1,8.4c-0.3,0.3-0.5,0.3-0.8,0C0,8.2,0,7.9,0.3,7.6z\"\/>\n            <\/svg>\n            <\/span>\n    <\/a>\t\t<\/div>\n\t<\/div>\n\t\t\t<div class=\"qodef-eh-item-background\" style=\"background-image: url(https:\/\/www.ondasummercontest.com\/wp-content\/uploads\/2018\/06\/main-home-img-2.jpg)\"><\/div>\t\n\t<\/div><\/div><\/div><\/div><\/div><\/div>\n<\/div>","protected":false},"excerpt":{"rendered":"Elige Competici\u00f3n Elige la opci\u00f3n de competir entre una o varias competiciones del evento y dale ca\u00f1a! Compra Anticipada Compra una entrada para toda la competici\u00f3n anticipadamente y obt\u00e9n un descuento y una camiseta gratis! Paga cuando llegues Si no lo tienes claro siempre puedes comprar una entrada para el evento el d\u00eda que llegues. osc_tickets Est\u00e1s listo? Compra tu entrada! 15 \u20ac 1 Competici\u00f3n &lt;fin de semana\/&gt; Participa en 1 Competici\u00f3n Pulsera del Evento Precio Reducido COMPRAR 20 \u20ac [...]","protected":false},"author":1,"featured_media":0,"parent":0,"menu_order":0,"comment_status":"closed","ping_status":"closed","template":"full-width.php","meta":{"footnotes":""},"class_list":["post-1082","page","type-page","status-publish","hentry"],"_links":{"self":[{"href":"https:\/\/www.ondasummercontest.com\/index.php\/wp-json\/wp\/v2\/pages\/1082","targetHints":{"allow":["GET"]}}],"collection":[{"href":"https:\/\/www.ondasummercontest.com\/index.php\/wp-json\/wp\/v2\/pages"}],"about":[{"href":"https:\/\/www.ondasummercontest.com\/index.php\/wp-json\/wp\/v2\/types\/page"}],"author":[{"embeddable":true,"href":"https:\/\/www.ondasummercontest.com\/index.php\/wp-json\/wp\/v2\/users\/1"}],"replies":[{"embeddable":true,"href":"https:\/\/www.ondasummercontest.com\/index.php\/wp-json\/wp\/v2\/comments?post=1082"}],"version-history":[{"count":13,"href":"https:\/\/www.ondasummercontest.com\/index.php\/wp-json\/wp\/v2\/pages\/1082\/revisions"}],"predecessor-version":[{"id":3900,"href":"https:\/\/www.ondasummercontest.com\/index.php\/wp-json\/wp\/v2\/pages\/1082\/revisions\/3900"}],"wp:attachment":[{"href":"https:\/\/www.ondasummercontest.com\/index.php\/wp-json\/wp\/v2\/media?parent=1082"}],"curies":[{"name":"wp","href":"https:\/\/api.w.org\/{rel}","templated":true}]}}