{"id":3939,"date":"2025-08-01T11:19:08","date_gmt":"2025-08-01T09:19:08","guid":{"rendered":"https:\/\/www.ondasummercontest.com\/?page_id=3939"},"modified":"2025-08-01T11:19:08","modified_gmt":"2025-08-01T09:19:08","slug":"veterans","status":"publish","type":"page","link":"https:\/\/www.ondasummercontest.com\/index.php\/veterans\/","title":{"rendered":"Veterans"},"content":{"rendered":"<div class=\"wpb-content-wrapper\"><div class=\"vc_row wpb_row vc_row-fluid\" ><div class=\"wpb_column vc_column_container vc_col-sm-12\"><div class=\"vc_column-inner\"><div class=\"wpb_wrapper\"><div class=\"qodef-elements-holder   qodef-two-columns  qodef-responsive-mode-768 \" ><div class=\"qodef-eh-item     \" data-item-class=\"qodef-eh-custom-7230\">\n\t\t<div class=\"qodef-eh-item-inner\">\n\t\t<div class=\"qodef-eh-item-content qodef-eh-custom-7230\" style=\"padding: 50px\">\n\t\t\t\n\t<div class=\"wpb_text_column wpb_content_element\" >\n\t\t<div class=\"wpb_wrapper\">\n\t\t\t<h3><span data-sheets-root=\"1\"><strong>VIERNES 15 AGOSTO &#8211; 19:00h<\/strong><\/span><\/h3>\n<p><span data-sheets-root=\"1\">Veterans \u2013 Old School, Still Fresh<\/span><\/p>\n<p><span data-sheets-root=\"1\">Porque los a\u00f1os no perdonan\u2026 pero tampoco detienen.<\/span><\/p>\n<p><span data-sheets-root=\"1\">La categor\u00eda Veterans est\u00e1 pensada para esos riders +30 que crecieron con el roller, lo vieron nacer, evolucionar\u2026 y todav\u00eda siguen dando guerra.<\/span><\/p>\n<p>No importa si llevas a\u00f1os entrenando o si te has vuelto a calzar los patines hace poco: si el roller es parte de tu ADN, este es tu momento.<\/p>\n<ul>\n<li>Edad m\u00ednima: 30 a\u00f1os<\/li>\n<li>Formato mixto:<\/li>\n<li>3 salidas estilo Word Rolling Series<\/li>\n<\/ul>\n<p>Cada salida de unos 30 segundos, con puntuaci\u00f3n del 1 al 100. Demuestra flow, creatividad, y ese toque de veteran\u00eda que solo los a\u00f1os te dan.<\/p>\n<p>3 trucos sueltos formato ALL IN<\/p>\n<p>Despu\u00e9s de las rondas, cada rider tendr\u00e1 3 intentos para clavar 3 best tricks en la zona que elija.<\/p>\n<p>Cada truco se valora entre 0 y 10 puntos, y se suma a la puntuaci\u00f3n general.<\/p>\n<p>Aqu\u00ed no todo es potencia:<\/p>\n<p>Se valora el estilo, la ejecuci\u00f3n, la originalidad y esa clase que solo tienen los que llevan media vida sobre ruedas.<\/p>\n<p>Veterans, el respeto se gana en la pista.<\/p>\n\n\t\t<\/div>\n\t<\/div>\n\t\t<\/div>\n\t<\/div>\n\t\t\t<div class=\"qodef-eh-item-background\" style=\"background-color: #FFFFFF\"><\/div>\t\n\t<\/div><\/div><\/div><\/div><\/div><\/div>\n<\/div>","protected":false},"excerpt":{"rendered":"VIERNES 15 AGOSTO - 19:00h Veterans \u2013 Old School, Still Fresh Porque los a\u00f1os no perdonan\u2026 pero tampoco detienen. La categor\u00eda Veterans est\u00e1 pensada para esos riders +30 que crecieron con el roller, lo vieron nacer, evolucionar\u2026 y todav\u00eda siguen dando guerra. No importa si llevas a\u00f1os entrenando o si te has vuelto a calzar los patines hace poco: si el roller es parte de tu ADN, este es tu momento. Edad m\u00ednima: 30 a\u00f1os Formato mixto: 3 salidas estilo [...]","protected":false},"author":1,"featured_media":0,"parent":0,"menu_order":0,"comment_status":"closed","ping_status":"closed","template":"full-width.php","meta":{"footnotes":""},"class_list":["post-3939","page","type-page","status-publish","hentry"],"_links":{"self":[{"href":"https:\/\/www.ondasummercontest.com\/index.php\/wp-json\/wp\/v2\/pages\/3939","targetHints":{"allow":["GET"]}}],"collection":[{"href":"https:\/\/www.ondasummercontest.com\/index.php\/wp-json\/wp\/v2\/pages"}],"about":[{"href":"https:\/\/www.ondasummercontest.com\/index.php\/wp-json\/wp\/v2\/types\/page"}],"author":[{"embeddable":true,"href":"https:\/\/www.ondasummercontest.com\/index.php\/wp-json\/wp\/v2\/users\/1"}],"replies":[{"embeddable":true,"href":"https:\/\/www.ondasummercontest.com\/index.php\/wp-json\/wp\/v2\/comments?post=3939"}],"version-history":[{"count":1,"href":"https:\/\/www.ondasummercontest.com\/index.php\/wp-json\/wp\/v2\/pages\/3939\/revisions"}],"predecessor-version":[{"id":3940,"href":"https:\/\/www.ondasummercontest.com\/index.php\/wp-json\/wp\/v2\/pages\/3939\/revisions\/3940"}],"wp:attachment":[{"href":"https:\/\/www.ondasummercontest.com\/index.php\/wp-json\/wp\/v2\/media?parent=3939"}],"curies":[{"name":"wp","href":"https:\/\/api.w.org\/{rel}","templated":true}]}}